0?
2144
Calculate the highest common factor of 227626 and 5316906.
994
What is the highest common divisor of 16 and 3905206?
2
What is the greatest common divisor of 1927 and 119568?
47
Calculate the greatest common divisor of 6683415 and 1791.
597
Calculate the highest common factor of 646 and 124001315.
323
Calculate the greatest common divisor of 371564 and 665.
19
What is the highest common divisor of 5457634 and 4914?
182
Calculate the greatest common divisor of 594 and 5451710.
22
What is the greatest common factor of 32 and 35778640?
16
Calculate the greatest common divisor of 69216 and 70637.
7
Calculate the greatest common divisor of 2706 and 2122494.
66
Calculate the highest common divisor of 6370600 and 180.
20
Calculate the highest common divisor of 394674858 and 54.
18
Calculate the highest common divisor of 158553834 and 1842.
1842
Calculate the greatest common factor of 15121374 and 738.
246
What is the greatest common factor of 27 and 177716403?
27
What is the highest common factor of 10886237 and 467?
467
Calculate the greatest common factor of 134351004 and 54050.
2162
Calculate the highest common factor of 283482429 and 3155.
631
What is the greatest common divisor of 586954 and 2511?
31
What is the highest common factor of 711 and 176129157?
237
Calculate the highest common factor of 1421106 and 166272.
2598
Calculate the greatest common divisor of 1805886 and 123.
123
What is the greatest common divisor of 16 and 411431424?
16
What is the greatest common divisor of 1203 and 770541?
3
Calculate the greatest common factor of 126 and 5728302.
18
What is the greatest common factor of 648904085 and 158265?
17585
Calculate the greatest common factor of 12372602 and 198.
22
Calculate the highest common divisor of 18645036 and 16.
4
Calculate the greatest common divisor of 9 and 2565909.
9
Calculate the highest common factor of 708 and 4683066.
354
What is the greatest common factor of 6702 and 40147214?
2234
What is the greatest common factor of 182416025 and 50?
25
Calculate the greatest common divisor of 4774 and 1121098.
22
What is the highest common factor of 308 and 193619657?
77
What is the greatest common factor of 44 and 1087460?
44
What is the greatest common divisor of 1184 and 348352?
32
What is the greatest common divisor of 189 and 599851?
7
Calculate the highest common divisor of 923754 and 1794.
78
Calculate the highest common factor of 100818891 and 2754.
459
What is the greatest common divisor of 21724547 and 697?
41
What is the greatest common divisor of 39954930 and 680?
170
Calculate the greatest common divisor of 10 and 32688130.
10
Calculate the highest common divisor of 65285 and 4606747.
1187
Calculate the highest common factor of 74168 and 5656.
8
Calculate the highest common factor of 1475 and 39354425.
25
Calculate the greatest common factor of 2010976 and 67309.
319
What is the highest common factor of 26964036 and 44?
44
What is the highest common factor of 34722 and 19332438?
3858
What is the greatest common divisor of 281265 and 27285?
255
Calculate the greatest common divisor of 2133 and 9559.
79
Calculate the highest common factor of 441 and 2128441.
7
Calculate the greatest common divisor of 8986044 and 26865.
597
What is the greatest common divisor of 64746 and 9322770?
654
What is the highest common factor of 364 and 2336256?
52
Calculate the highest common divisor of 9412247 and 3250.
13
Calculate the highest common factor of 1484 and 193073594.
742
What is the greatest common factor of 143296009 and 17?
17
What is the highest common divisor of 6 and 490092?
6
Calculate the greatest common factor of 27243265 and 13175.
2635
Calculate the greatest common divisor of 246 and 322146553.
41
Calculate the highest common factor of 210350630 and 11921.
917
Calculate the highest common factor of 525 and 124847940.
105
Calculate the highest common divisor of 4152 and 620868.
12
Calculate the greatest common factor of 426 and 8449426.
142
Calculate the greatest common factor of 31317 and 386490.
39
What is the greatest common divisor of 8603124 and 114?
114
Calculate the greatest common factor of 12879661 and 2537.
43
Calculate the highest common factor of 48 and 1131351.
3
Calculate the greatest common divisor of 175 and 2171407.
7
Calculate the greatest common divisor of 16484 and 17332292.
1268
Calculate the highest common divisor of 2266 and 22352.
22
What is the highest common divisor of 6545586 and 2740?
274
What is the highest common divisor of 163938 and 82890?
1842
What is the greatest common divisor of 386528983 and 51?
17
What is the highest common divisor of 6045436 and 50132?
604
What is the greatest common factor of 1386 and 11186868?
462
What is the highest common divisor of 4016 and 641104?
16
What is the highest common divisor of 182 and 731087?
7
Calculate the greatest common factor of 70395859 and 108688.
6793
What is the highest common divisor of 969319 and 548756?
2249
Calculate the greatest common divisor of 769333 and 2092.
523
What is the highest common factor of 186 and 146187692?
62
Calculate the greatest common factor of 1388 and 73564.
1388
What is the greatest common factor of 10616 and 269680902?
2654
Calculate the highest common factor of 369556172 and 412.
412
Calculate the greatest common factor of 10948 and 21886984.
644
Calculate the greatest common factor of 114 and 2929610.
38
What is the highest common factor of 34 and 14650141?
17
What is the highest common divisor of 36 and 944931438?
18
Calculate the greatest common divisor of 4134925 and 800.
25
Calculate the highest common divisor of 4850330 and 740.
370
What is the highest common divisor of 53 and 8178059?
53
What is the highest common divisor of 715 and 585325?
65
What is the greatest common divisor of 88 and 17271221?
11
Calculate the highest common factor of 41679 and 501411.
1263
Calculate the highest common divisor of 27 and 227038329.
27
What is the greatest common divisor of 85 and 119746266?
17
Calculate the greatest common divisor of 69 and 14164320.
69
Calculate the greatest common factor of 252 and 5133828.
84
Calculate the highest common factor of 10 and 21118858.
2
What is the greatest common divisor of 1419 and 80453?
43
Calculate the highest common factor of 3399852 and 16794.
1866
What is the greatest common divisor of 957427298 and 673?
673
What is the highest common factor of 33232068 and 1227?
1227
Calculate the highest common divisor of 1905 and 10162667.
127
What is the greatest common factor of 6084 and 130426764?
2028
What is the greatest common factor of 103 and 90556158?
103
What is the highest common divisor of 131508 and 8992?
1124
What is the greatest common factor of 9969354 and 5994?
666
What is the greatest common factor of 7490 and 4544183?
749
What is the greatest common factor of 2345885 and 46?
23
What is the greatest common factor of 6039592 and 136?
8
Calculate the greatest common factor of 119093220 and 1512.
108
What is the highest common factor of 1056094 and 1208?
302
What is the highest common factor of 83491672 and 11770?
2354
What is the greatest common divisor of 54945 and 143?
11
What is the greatest common factor of 20553432 and 48?
24
Calculate the greatest common divisor of 165 and 207302997.
33
Calculate the highest common divisor of 60146 and 2232478.
3538
Calculate the highest common divisor of 3612807 and 738.
9
What is the highest common divisor of 346560 and 25920?
960
What is the highest common divisor of 494915 and 13144?
31
Calculate the greatest common divisor of 804 and 119312796.
804
Calculate the highest common factor of 1020 and 484262.
34
Calculate the highest common factor of 56224864 and 166.
166
What is the greatest common factor of 205525 and 6925?
25
What is the greatest common factor of 696 and 575929328?
232
What is the greatest common divisor of 456351 and 1533?
21
What is the highest common divisor of 1232385 and 34683?
33
What is the greatest common factor of 340372 and 6?
2
Calculate the highest common factor of 7216 and 1234904.
88
What is the greatest common divisor of 348 and 1824871168?
116
What is the greatest common factor of 32732210 and 4606?
658
What is the highest common factor of 279517 and 212065?
511
Calculate the highe